1370960 and 45710?
6530
What is the greatest common divisor of 1725265 and 21360?
445
Calculate the highest common divisor of 714 and 2707957.
7
Calculate the greatest common divisor of 2480605 and 2715.
905
Calculate the highest common factor of 452038624 and 15520.
3104
What is the greatest common factor of 869890 and 57620?
430
Calculate the highest common factor of 115430315 and 105105.
5005
What is the highest common divisor of 1705 and 6592435?
5
What is the highest common factor of 2052 and 2286384?
228
Calculate the greatest common divisor of 286879841 and 26787.
8929
Calculate the highest common factor of 728 and 229931.
13
What is the highest common divisor of 760 and 110500580?
380
Calculate the highest common divisor of 570115854 and 891.
297
What is the highest common divisor of 1880 and 1449?
1
What is the greatest common factor of 54318134 and 598?
598
What is the greatest common factor of 82 and 3528337?
41
Calculate the greatest common divisor of 31 and 15355726.
31
Calculate the highest common factor of 1120816 and 208.
16
Calculate the highest common factor of 32227 and 24579581.
481
What is the greatest common divisor of 141665617 and 2308?
577
What is the highest common factor of 20322716 and 82?
82
Calculate the highest common factor of 428 and 413390327.
107
Calculate the highest common divisor of 1140 and 6414020.
380
What is the greatest common factor of 8949 and 930183?
57
Calculate the greatest common divisor of 48238344 and 8.
8
Calculate the greatest common factor of 90515 and 225.
5
Calculate the highest common factor of 2567424 and 12288.
768
What is the greatest common factor of 2785488 and 192?
48
What is the greatest common factor of 2890 and 2615960?
170
Calculate the highest common factor of 3995 and 96575929.
799
What is the greatest common divisor of 25344 and 10499544?
792
Calculate the highest common factor of 38011445 and 670.
335
Calculate the greatest common divisor of 5471262 and 20034.
18
Calculate the highest common divisor of 1269660 and 3781773.
9069
What is the highest common divisor of 347710 and 189515?
145
What is the greatest common factor of 7656 and 126465636?
3828
What is the highest common divisor of 503330 and 120?
10
What is the highest common factor of 11500996 and 26?
26
Calculate the greatest common divisor of 2350395 and 4579.
19
What is the greatest common divisor of 28215297 and 17820?
891
Calculate the greatest common divisor of 283223341 and 8276.
2069
What is the greatest common factor of 6780 and 175920?
60
What is the greatest common factor of 232519885 and 11505?
3835
Calculate the highest common factor of 20 and 1331596.
4
What is the highest common factor of 1164 and 942937?
97
Calculate the greatest common factor of 22512 and 12659784.
1608
Calculate the greatest common factor of 154670865 and 4365.
1455
What is the highest common divisor of 2482960 and 16400?
3280
What is the highest common factor of 614820172 and 45038?
6434
What is the highest common factor of 1224871 and 16672?
521
Calculate the greatest common factor of 5790 and 16645092.
1158
What is the highest common factor of 444730 and 11960?
130
Calculate the greatest common divisor of 66750 and 61550.
50
What is the highest common factor of 84 and 11735409?
21
Calculate the highest common factor of 1694686 and 2898.
322
Calculate the greatest common factor of 1 and 251393.
1
Calculate the highest common factor of 1544 and 93065179.
193
Calculate the greatest common divisor of 1458 and 47397879.
243
What is the greatest common divisor of 134377404 and 108990?
7266
What is the greatest common divisor of 26427 and 242328?
69
What is the greatest common divisor of 16116168 and 65464?
1336
Calculate the greatest common factor of 513 and 4108617.
513
What is the highest common divisor of 5 and 12802011?
1
What is the highest common divisor of 31 and 94345?
1
What is the highest common divisor of 11884 and 1714267?
2971
What is the greatest common factor of 37 and 4530909?
37
What is the greatest common factor of 933696693 and 11043?
11043
Calculate the highest common divisor of 291318 and 23.
23
What is the greatest common divisor of 60 and 5101344?
12
Calculate the highest common divisor of 20 and 76273140.
20
Calculate the greatest common divisor of 753887 and 11576.
1447
Calculate the greatest common divisor of 24 and 1677804.
12
What is the highest common factor of 50301130 and 935?
935
What is the highest common divisor of 14173536 and 858?
78
Calculate the highest common divisor of 3926201 and 54653.
1763
What is the highest common factor of 386383 and 839?
1
What is the highest common factor of 3744326 and 4440?
74
Calculate the greatest common factor of 14608148 and 13756.
724
Calculate the greatest common factor of 18874199 and 17.
17
What is the highest common divisor of 2394 and 693400554?
2394
Calculate the highest common divisor of 133120760 and 370.
10
What is the highest common factor of 53040498 and 12?
6
What is the greatest common factor of 26068861 and 2821?
2821
What is the greatest common divisor of 1053 and 116675?
13
Calculate the highest common divisor of 1484824 and 2105224.
4136
What is the highest common factor of 10680 and 6854424?
2136
Calculate the greatest common factor of 613027 and 5324813.
2749
Calculate the highest common factor of 14987 and 497.
7
Calculate the greatest common factor of 6685249 and 529.
23
What is the greatest common factor of 28 and 12103042?
14
What is the greatest common factor of 2383528 and 248?
248
Calculate the highest common divisor of 8674686 and 8218.
1174
What is the greatest common divisor of 278675442 and 270?
18
Calculate the highest common divisor of 3670682 and 7456.
466
What is the greatest common factor of 85 and 28020284?
17
What is the highest common factor of 8077 and 1040293?
41
What is the highest common divisor of 10 and 2491770?
10
What is the greatest common factor of 1233728 and 1568?
32
Calculate the highest common divisor of 148033 and 14141.
179
Calculate the greatest common divisor of 3246438 and 39.
39
Calculate the highest common divisor of 71740 and 16235.
85
What is the greatest common factor of 12 and 16318194?
6
What is the highest common divisor of 30589 and 29503?
181
What is the highest common divisor of 1272 and 109749?
3
What is the highest common factor of 449923 and 466?
233
Calculate the highest common factor of 8379 and 12441884.
931
What is the greatest common divisor of 2984792 and 148465?
1291
Calculate the greatest common divisor of 7 and 29416604.
7
What is the greatest common divisor of 33775 and 36843121?
1351
What is the greatest common factor of 4001381 and 19?
19
Calculate the highest common divisor of 1026 and 69731577.
513
Calculate the highest common factor of 97340454 and 27.
27
What is the highest common divisor of 22632630 and 240?
30
What is the highest common divisor of 12922974 and 3470?
694
Calculate the highest common divisor of 966 and 266196.
42
Calculate the highest common factor of 4561103523 and 839.
839
What is the greatest common divisor of 5059240 and 1?
1
Calculate the greatest common factor of 2139 and 10407753.
69
Calculate the highest common factor of 566849050 and 200.
50
Calculate the greatest common factor of 63219 and 691743.
39
Calculate the highest common divisor of 228 and 646684.
76
What is the greatest common divisor of 23360507 and 2095?
419
Calculate the greatest common divisor of 28934 and 34065530.
1702
Calculate the greatest common factor of 15006 and 257858102.
5002
What is the highest common factor of 2634 and 197531562?
2634
What is the greatest common divisor of 1376516 and 1422096?
9116
What is the highest common divisor of 282464 and 42588?
364
What is the highest common factor of 254210 and 1067?
11
What is the greatest common factor of 432 and 9297072?
432
Calculate the greatest common factor of 4402269 and 2737.
391
What is the greatest common divisor of 472386014 and 33595?
6719
Calculate the greatest common factor of 270 and 88255710.
270
Calculate the greatest common factor of 4443570 and 5238.
1746
Calculate the greatest common factor of 168836809 and 2701.
2701
What is the greatest common divisor of 69387 and 222359?
229
Calculate the greatest common fa